4
What is the hundreds digit of 127490426?
4
What is the hundred millions digit of 233414632?
2
What is the units digit of 53661141?
1
What is the ten thousands digit of 554249090?
4
What is the hundred thousands digit of 6783877770?
8
What is the hundred thousands digit of 534439828?
4
What is the tens digit of 59565995?
9
What is the thousands digit of 277687719?
7
What is the thousands digit of 56188585?
8
What is the millions digit of 619531818?
9
What is the ten thousands digit of 460911134?
1
What is the millions digit of 90056343?
0
What is the millions digit of 100192244?
0
What is the billions digit of 1747415873?
1
What is the millions digit of 34126157?
4
What is the ten thousands digit of 42447899?
4
What is the tens digit of 3335088568?
6
What is the hundred millions digit of 118220831?
1
What is the ten thousands digit of 1222832753?
3
What is the millions digit of 100926716?
0
What is the ten thousands digit of 583133503?
3
What is the ten millions digit of 557522383?
5
What is the ten millions digit of 102475201?
0
What is the billions digit of 1330169969?
1
What is the ten thousands digit of 1185522985?
2
What is the thousands digit of 1390821944?
1
What is the hundred thousands digit of 625008327?
0
What is the units digit of 7430589?
9
What is the tens digit of 213613601?
0
What is the ten millions digit of 618127030?
1
What is the units digit of 39040405?
5
What is the hundred thousands digit of 164674385?
6
What is the ten thousands digit of 177889790?
8
What is the hundred millions digit of 576116335?
5
What is the thousands digit of 58395704?
5
What is the hundreds digit of 38272989?
9
What is the ten millions digit of 5320878883?
2
What is the units digit of 115046136?
6
What is the ten thousands digit of 5484029819?
2
What is the ten thousands digit of 2030769127?
6
What is the units digit of 588217631?
1
What is the hundreds digit of 4511077996?
9
What is the millions digit of 6180713915?
0
What is the millions digit of 100743382?
0
What is the hundred thousands digit of 289650334?
6
What is the hundred millions digit of 719491471?
7
What is the millions digit of 910289598?
0
What is the millions digit of 116813935?
6
What is the ten thousands digit of 457225954?
2
What is the units digit of 622081994?
4
What is the tens digit of 20542449?
4
What is the tens digit of 1603922140?
4
What is the ten thousands digit of 1398354832?
5
What is the tens digit of 1301694329?
2
What is the hundred millions digit of 145563673?
1
What is the millions digit of 1042732566?
2
What is the ten millions digit of 1904294410?
0
What is the ten thousands digit of 154975275?
7
What is the hundred thousands digit of 144485780?
4
What is the millions digit of 4553315?
4
What is the ten millions digit of 2736748880?
3
What is the units digit of 2340187406?
6
What is the thousands digit of 151137586?
7
What is the tens digit of 204850744?
4
What is the tens digit of 252296214?
1
What is the ten millions digit of 24708388?
2
What is the ten millions digit of 1096848007?
9
What is the tens digit of 2179977818?
1
What is the units digit of 918077918?
8
What is the hundreds digit of 2970633915?
9
What is the billions digit of 1696899461?
1
What is the millions digit of 27980326?
7
What is the hundreds digit of 2936022927?
9
What is the tens digit of 114469001?
0
What is the ten millions digit of 46558774?
4
What is the units digit of 3107889167?
7
What is the millions digit of 136144850?
6
What is the ten thousands digit of 50611045?
1
What is the ten thousands digit of 449643?
4
What is the hundreds digit of 1098738012?
0
What is the hundreds digit of 240616955?
9
What is the units digit of 3255884879?
9
What is the ten millions digit of 98072293?
9
What is the tens digit of 125897252?
5
What is the hundred thousands digit of 286731377?
7
What is the ten millions digit of 97886622?
9
What is the hundred thousands digit of 412407025?
4
What is the tens digit of 93884135?
3
What is the ten millions digit of 114808320?
1
What is the hundred millions digit of 1479781656?
4
What is the units digit of 765475182?
2
What is the units digit of 444487210?
0
What is the hundred thousands digit of 681870128?
8
What is the hundred thousands digit of 235399087?
3
What is the ten millions digit of 49413061?
4
What is the ten millions digit of 130678542?
3
What is the ten thousands digit of 12744631?
4
What is the units digit of 4451329424?
4
What is the ten millions digit of 39129298?
3
What is the thousands digit of 246834985?
4
What is the ten thousands digit of 36844569?
4
What is the millions digit of 1038121494?
8
What is the thousands digit of 32598332?
8
What is the units digit of 76578278?
8
What is the hundreds digit of 997902782?
7
What is the units digit of 665876332?
2
What is the tens digit of 638844733?
3
What is the thousands digit of 170637280?
7
What is the thousands digit of 28055579?
5
What is the millions digit of 411573664?
1
What is the tens digit of 1558572404?
0
What is the millions digit of 20330515?
0
What is the tens digit of 162199119?
1
What is the units digit of 363495638?
8
What is the hundreds digit of 43284427?
4
What is the hundred thousands digit of 195781933?
7
What is the hundred millions digit of 196802433?
1
What is the ten millions digit of 2659784113?
5
What is the hundred thousands digit of 29939689?
9
What is the hundred thousands digit of 35306497?
3
What is the thousands digit of 117225587?
5
What is the hundred thousands digit of 974705025?
7
What is the ten millions digit of 1018720408?
1
What is the hundreds digit of 36641880?
8
What is the hundred thousands digit of 293890283?
8
What is the ten thousands digit of 62525760?
2
What is the ten thousands digit of 819702825?
0
What is the hundred thousands digit of 1038013341?
0
What is the hundreds digit of 160588910?
9
What is the units digit of 109850803?
3
What is the ten millions digit of 53625738?
5
What is the thousands digit of 1666302667?
2
What is the millions digit of 62760483?
2
What is the tens digit of 67949380?
8
What is the hundred thousands digit of 96861235?
8
What is the hundred thousands digit of 1928297392?
2
What is the tens digit of 806382183?
8
What is the hundred thousands digit of 8006807?
0
What is the hundred millions digit of 2475862520?
4
What is the thousands digit of 99710330?
0
What is the ten thousands digit of 146045024?
4
What is the hundred thousands digit of 282692877?
6
What is the hundred millions digit of 2229288422?
2
What is the hundred millions digit of 140795893?
1
What is the ten thousands digit of 109303107?
0
What is the hundreds digit of 2514183998?
9
What is the tens digit of 276470?
7
What is the millions digit of 2082315654?
2
What is the millions digit of 2657114570?
7
What is the units digit of 468259747?
7
What is the ten millions digit of 460728317?
6
What is the thousands digit of 192462897?
2
What is the millions digit of 3464526751?
4
What is the tens digit of 155776061?
6
What is the thousands digit of 2416485883?
5
What is the units digit of 6284012?
2
What is the ten thousands digit of 2371208137?
0
What is the millions digit of 41843974?
1
What is the hundred thousands digit of 1404165377?
1
What is the ten thousands digit of 289092792?
9
What is the hundred millions digit of 583022326?
5
What is the tens digit of 138669989?
8
What is the billions digit of 2552338561?
2
What is the hundred thousands digit of 16213199?
2
What is the thousands digit of 137341919?
1
What is the millions digit of 9997952?
9
What is the tens digit of 8526972?
7
What is the units digit of 149178254?
4
What is the millions digit of 145584483?
5
What is the tens digit of 1152736358?
5
What is the units digit of 7903096?
6
What is the ten millions digit of 147028837?
4
What is the hundred millions digit of 1199860804?
1
What is the units digit of 973812393?
3
What is the units digit of 331508128?
8
What is the hundred thousands digit of 2606965411?
9
What is the ten millions digit of 24667689?
2
What is the ten millions digit of 41073975?
4
What is the hundred thousands digit of 932439550?
4
What is the hundred thousands digit of 58103733?
1
What is the millions digit of 39244735?
9
What is the millions digit of 1069066174?
9
